(t) = -t**2 + 28*t - 74. Let c be r(k). Calculate the greatest common factor of c and 77.
11
Suppose -64*m = -68*m + 188. Suppose -9 - m = -4*t. Calculate the greatest common divisor of t and 112.
14
Let i = 175 - 167. Let j be ((-27)/(-4) - i) + (-602)/(-8). Calculate the greatest common factor of 111 and j.
37
Let u = 20122 - 20062. Calculate the highest common factor of 3270 and u.
30
Let t(q) = -1626*q - 8574. Let a be t(-7). Calculate the greatest common factor of a and 972.
108
Suppose -313*p + 60401 = -302*p. What is the highest common divisor of p and 289?
289
Suppose -46*r = -33*r - 1092. Let u(c) = -3*c + 99. Let l be u(9). What is the greatest common divisor of l and r?
12
Suppose 0 = -4*g + 5*y + 10884, 5*g + 4*y + 3125 - 16771 = 0. What is the highest common factor of 47 and g?
47
Let p(y) = -y**3 - 10*y**2 - 12*y - 10. Let a be p(-9). Suppose 6*j - 173 + a = 0. Let t = 14 + 25. Calculate the greatest common factor of j and t.
13
Let c be ((-2)/(-5))/((-8)/(-340)*2)*72. What is the highest common divisor of c and 36?
36
Let v = -4360 + 4384. What is the highest common divisor of 248 and v?
8
Let d(g) = -2*g**3 + 3*g**2 - 51*g - 112. Let n be d(-2). What is the highest common factor of 4338 and n?
18
Let k(a) = -a**3 + 6*a**2 - 7*a + 3. Let v be k(5). Let c be (4 - 46)*-1*(-6)/v. Calculate the greatest common divisor of 45 and c.
9
Let x = -373 + 220. Let j = x - -159. Let l be (-1)/3 + (-145)/(-3). Calculate the highest common factor of l and j.
6
Suppose 0 = l + 5*p - 52, -p + 2*p = -l + 48. Suppose 18*g - l = 16*g - 3*x, 4*x = -2*g + 52. Calculate the greatest common factor of 200 and g.
8
Suppose -410970 = 53*k - 83*k. Calculate the highest common factor of k and 206.
103
Let t(z) = 29 + 11*z - 9 - 15*z - z. Let v be t(-7). Suppose -57 = -2*q - 3*b, 2*q + 0*q + 2*b - 60 = 0. Calculate the greatest common divisor of q and v.
11
Let w(s) = 143*s**2 + 2. Let r be w(-1). Calculate the greatest common factor of r and 116.
29
Let w be 7764/20 - (-150)/(-125). Suppose w - 99 = 3*n. Calculate the greatest common divisor of n and 264.
24
Suppose 0 = 2*y + 3*l + 1300 - 8, -l = -y - 656. Let g = y + 848. Calculate the greatest common factor of g and 28.
28
Let g = 16772 + -15896. What is the greatest common factor of g and 504?
12
Suppose -4427 - 734 = 13*x. Let j = -13 - x. What is the highest common divisor of 24 and j?
24
Let t = 200 + -134. Let g(s) = -5*s**2 + 123*s. Let i be g(18). Calculate the greatest common factor of t and i.
66
Let j be (-16381)/(-6) + 17/(-102). What is the greatest common divisor of 975 and j?
195
Suppose 124*n + 11753 = 85161. What is the highest common factor of n and 4?
4
Suppose -11*g + 84 = -10*g + 4*d, -2*g = 2*d - 150. Suppose 2*z + 8*z = 630. What is the greatest common factor of z and g?
9
Suppose 3*k = s + 961, -38*k + 39*k = -3*s + 317. What is the highest common factor of 45 and k?
5
Let r(w) = w + 142. Let f be r(18). Suppose 2*k = z - 65, 4*z = z - k + f. What is the greatest common factor of z and 209?
11
Let f = 3365 - 3339. Suppose 4*t - 98 = -2*b, 3 + 17 = t + 2*b. Calculate the highest common divisor of f and t.
26
Let u be 4941/(-122)*(1/(-2))/(15/2440). Calculate the highest common divisor of 9 and u.
9
Suppose 3*t + 32 = s, -7*t = s - 6*t - 16. Let b be 2205/14*(-4)/(-3). Calculate the highest common factor of b and s.
10
Let k(p) = -3*p**3 + p**2 + 8*p - 17. Let t be k(-3). What is the greatest common divisor of 11711 and t?
49
Let r be -6*(-20)/1*(-3)/18. Let g = -20 - r. Suppose f - 5*f + 160 = g. Calculate the greatest common factor of f and 20.
20
Let f(g) = 189*g**2 + 105*g + 106. Let b be f(-1). What is the highest common factor of 430 and b?
10
Suppose -5*q = -4*q - 4. Suppose 4*b - 68 = -q*k + 5*b, -4 = k + 5*b. Suppose -12*z + k*z - 32 = 0. What is the highest common factor of z and 12?
4
Let x(a) = 8*a - 19. Let r be x(8). Let y = r + -41. Suppose 0 = -5*b - 3*m - m + 175, -4*b + 136 = y*m. What is the highest common divisor of 65 and b?
13
Let h be 18 + (18 + -10 - -474). Calculate the greatest common factor of 4100 and h.
100
Suppose -1093 = -3*t + 138*t - 8518. Suppose -37 + 103 = 2*q. Calculate the greatest common factor of t and q.
11
Suppose 0 = -2*k - 7*q + 4*q + 7, 0 = 4*q - 4. Suppose k*j = -3*o + 23 + 57, 3*o = j + 86. Calculate the greatest common factor of 20 and o.
4
Let d(s) = 38*s + 15. Let g be d(11). Suppose g + 623 = 12*k. Let h(l) = -l + 11. Let v be h(0). Calculate the highest common factor of k and v.
11
Let c(h) = -h**3 - 9*h**2 + 15*h + 54. Let n be c(-10). Suppose n*b + 5*u - 143 = 0, -b + 3*u = b - 55. Calculate the highest common factor of 160 and b.
32
Suppose -3*q = 3*t - 114, -5*q - t = -3 - 195. What is the greatest common factor of q and 695?
5
Suppose t = 3*r + 421, 3*t - 947 - 266 = -r. Suppose -31*a - t = -38*a. Let v = 23 + 64. What is the greatest common factor of a and v?
29
Let j be (2 - (-77)/(-2))/((-2)/8). Let d be j/9 - 20/90. Suppose 0 = -5*m + 3*m + 8. Calculate the highest common factor of d and m.
4
Let b(m) = -8*m - 4. Suppose q + 4*q + 20 = 0. Let j be b(q). Suppose d + j = 3*u - 0*d, 2*u - d - 19 = 0. What is the greatest common factor of u and 45?
9
Suppose -3*q - 28526 = -5*o, -12 = -363*q + 359*q. Calculate the greatest common divisor of 13 and o.
13
Suppose 0 = 2*x - 6 - 8. Suppose 0 = -x*i + 2*i. Suppose 6*n - 144 = -i*n. Calculate the greatest common factor of 36 and n.
12
Let f be ((-270)/35 - -2)*28/(-8). Suppose -2*o = -a + 43, 0 = a + 2*o - f - 39. Calculate the greatest common divisor of a and 136.
17
Let i = 2042 + -1084. Let l be i/6 + (-40)/60. Calculate the highest common factor of 106 and l.
53
Suppose 14*p + 7 = 21*p. Let r = 7 - -26. Suppose 2*y - 5*y = -r. Calculate the greatest common factor of p and y.
1
Let u be (-58)/4*(-6)/3. Let h(c) be the first derivative of 27*c**2/2 - 13*c - 23. Let k be h(8). Calculate the highest common factor of k and u.
29
Let n = -32096 + 32410. What is the greatest common factor of n and 6?
2
Suppose 7277 = -22*t - 3657. Let g = t - -520. Calculate the highest common factor of g and 23.
23
Let a be -1*(-3)/(-1) + 18. Suppose 2*i - 1195 = 5*g, -i + 0*i = -5*g - 595. Suppose -76*l + i = -66*l. What is the highest common divisor of a and l?
15
Let y be (13 + 16)*(-2 - -1). Let i = y + 21. Let m be i/(-4) - 8/(-2). What is the greatest common factor of m and 114?
6
Suppose -35*q = -43*q + 112. Suppose -5*s + 1045 = q*s. What is the greatest common factor of 44 and s?
11
Let z be (-125)/75 - 670/(-15). What is the greatest common factor of 4 and z?
1
Let j be 2/((-3)/(60/(-8))). Suppose -3*u + 6 = 2*v + 16, -j*u = -5*v + 25. Let g be (-16)/(-6) + v + 25/(-15). What is the greatest common factor of 14 and g?
2
Suppose 2*p = -29*v + 24*v + 25, 4*v + 72 = 3*p. Let x(l) = 7*l + 13. Let i be x(11). Calculate the greatest common factor of i and p.
10
Let o(x) = 15*x - 57. Suppose -51 = -5*j + 3*n, 2*j - 5*n - 21 = -j. Let p be o(j). What is the highest common divisor of 82 and p?
41
Let a be (-420)/140*(0 + 15 - 0). Let h be 5/a*3 + 147/9. Calculate the greatest common factor of 12 and h.
4
Let v = -18927 - -19706. What is the greatest common factor of 551 and v?
19
Suppose -61964 = -10*x + 4338 - 14162. Calculate the highest common divisor of 462 and x.
66
Let d = -514 + 707. Let j = 214 - d. What is the highest common divisor of j and 105?
21
Let y(l) = -3*l**3 + 30*l**2 - 23*l + 192. Let d be y(7). Calculate the greatest common factor of d and 7316.
236
Suppose 0*p - 3*p + 621 = 0. Suppose 26*d = 29*d - p. What is the greatest common divisor of d and 115?
23
Suppose -5*g + 49 - 39 = 0. Let l be (g - (1 + 2))*-1. Let w be (64/(-10))/(l - 14/10). What is the highest common factor of 24 and w?
8
Let s = 45 - 29. Suppose -28*c + 6957 - 461 = 0. Calculate the greatest common divisor of c and s.
8
Suppose 8 = -2*s, -s + 0*s - 20 = -o. Suppose 54*u = 70*u - 48. Suppose -2*p + 240 = u*p. Calculate the highest common divisor of o and p.
16
Let w = 40 - 23. Let p = -282 + 316. What is the highest common factor of p and w?
17
Let i(n) = 2*n**3 + 27*n**2 + 63*n + 7. Let k be i(-3). What is the highest common factor of k and 10451?
7
Let h be 4 + (-19740)/(-20) + 16. What is the greatest commo